What is -2220211 (base 3) in base 7?
-6130
Convert a90 (base 16) to base 5.
41304
-13217 (base 8) to base 13
-2823
8406 (base 10) to base 16
20d6
2300342 (base 5) to base 9
61766
What is 2234 (base 5) in base 16?
13f
What is -507 (base 12) in base 14?
-39d
Convert -1232 (base 7) to base 10.
-464
What is 1021011111 (base 3) in base 8?
60513
Convert 2645 (base 7) to base 2.
1111110101
-12b70 (base 12) to base 8
-62404
Convert -8c (base 13) to base 16.
-74
Convert -18877 (base 9) to base 12.
-7707
What is -2155 (base 6) in base 13?
-2c9
-13912 (base 11) to base 16
-4d18
What is -595 (base 10) in base 2?
-1001010011
Convert -26129 (base 11) to base 16.
-922c
Convert -d883 (base 15) to base 3.
-2022211020
What is 4e44 (base 15) in base 14?
613c
139 (base 14) to base 16
f7
Convert -213305 (base 7) to base 6.
-444112
-30102 (base 4) to base 8
-1422
Convert 1111001110 (base 2) to base 16.
3ce
What is -21202 (base 3) in base 7?
-416
What is 40355 (base 9) in base 12?
13435
Convert 2a42 (base 13) to base 9.
8370
What is -10010100100 (base 2) in base 8?
-2244
What is 1108 (base 16) in base 9?
5874
-5402 (base 9) to base 10
-3971
What is 359 (base 12) in base 11?
416
Convert 1000110100010011 (base 2) to base 11.
25152
What is 30101 (base 4) in base 14?
401
What is -12311 (base 4) in base 11?
-368
What is 6d6 (base 15) in base 9?
2113
What is 211100 (base 3) in base 5?
4403
What is -114 (base 9) in base 3?
-10111
Convert -101101000 (base 2) to base 16.
-168
Convert 4e59 (base 15) to base 4.
10011132
What is 11935 (base 11) in base 10?
17099
Convert 300 (base 6) to base 5.
413
Convert -a71 (base 12) to base 3.
-2002111
1295 (base 12) to base 6
13505
What is 32c (base 14) in base 5?
10003
Convert -13145 (base 6) to base 5.
-31014
0 (base 12) to base 13
0
What is -115 (base 14) in base 7?
-425
1551b (base 16) to base 11
5a675
What is 505 (base 10) in base 16?
1f9
What is 112 (base 8) in base 4?
1022
What is 112f (base 16) in base 8?
10457
What is 3614 (base 9) in base 5?
41221
Convert -132452 (base 6) to base 12.
-7128
Convert -15624 (base 11) to base 7.
-121165
Convert 15342 (base 7) to base 6.
31513
What is -101010011001 (base 2) in base 13?
-1309
866 (base 12) to base 5
14410
Convert 104e (base 16) to base 4.
1001032
70 (base 14) to base 3
10122
-24628 (base 10) to base 3
-1020210011
What is -14500 (base 7) in base 4?
-332302
What is 10294 (base 10) in base 16?
2836
Convert 876 (base 10) to base 7.
2361
What is 10001001011000 (base 2) in base 14?
32c0
Convert 318 (base 10) to base 8.
476
What is -2299 (base 13) in base 15?
-168d
What is -21767 (base 8) in base 9?
-13560
Convert -614 (base 10) to base 6.
-2502
-26e (base 16) to base 13
-38b
Convert 2044041 (base 5) to base 6.
422355
What is 111001112 (base 4) in base 15?
1a7a2
What is 202520 (base 6) in base 10?
16176
What is 4232 (base 6) in base 2?
1110111100
What is -7 (base 16) in base 11?
-7
Convert 52b (base 14) to base 3.
1101202
-14120 (base 7) to base 3
-12021002
Convert 1021303 (base 4) to base 16.
1273
-10101101010 (base 2) to base 6
-10230
-1233 (base 6) to base 16
-135
Convert 18a8 (base 15) to base 8.
12325
Convert -101646 (base 7) to base 9.
-25870
-2115 (base 8) to base 11
-911
13020 (base 4) to base 13
291
Convert 203012 (base 6) to base 9.
24208
Convert 3221100 (base 4) to base 6.
153040
Convert -111101000 (base 2) to base 11.
-404
What is 67 (base 16) in base 2?
1100111
-110323 (base 4) to base 2
-10100111011
What is 225224 (base 7) in base 12?
1b35b
Convert 241 (base 9) to base 14.
103
3253 (base 9) to base 2
100101011101
Convert 331110 (base 4) to base 12.
2330
Convert -2032113 (base 4) to base 2.
-10001110010111
What is -38034 (base 11) in base 15?
-112a8
Convert -125068 (base 9) to base 7.
-434135
1000220 (base 5) to base 3
210111221
What is 21312132 (base 4) in base 15?
be50
Convert 2210131 (base 5) to base 16.
9516
Convert 2332 (base 5) to base 15.
17c
Convert 324 (base 14) to base 15.
2b5
-16b (base 13) to base 14
-146
Convert -2ae3 (base 15) to base 9.
-13566
What is -569 (base 11) in base 5?
-10210
-20334 (base 5) to base 16
-540
-1266 (base 8) to base 3
-221201
Convert -1111101111 (base 2) to base 15.
-472
What is -42b (base 13) in base 4?
-23021
-101001100100 (base 2) to base 11
-1aa9
Convert 10355 (base 8) to base 6.
32021
Convert 31e (base 16) to base 3.
1002120
-415 (base 8) to base 3
-100222
-8d (base 16) to base 10
-141
What is 106426 (base 8) in base 2?
1000110100010110
What is -2803 (base 12) in base 2?
-1001000000011
What is -13021132 (base 4) in base 3?
-1111011101
-2442 (base 6) to base 4
-21122
Convert -255504 (base 6) to base 13.
-a7b0
-190e (base 16) to base 13
-2bc5
Convert 21002 (base 3) to base 16.
bf
-175 (base 10) to base 5
-1200
What is -10100 (base 5) in base 3?
-220002
What is -12177 (base 10) in base 15?
-391c
-94 (base 11) to base 15
-6d
What is 204011 (base 6) in base 10?
16423
-6c6 (base 14) to base 6
-10130
-2011 (base 9) to base 15
-67d
-1739 (base 12) to base 16
-add
75545 (base 8) to base 15
955e
Convert -281 (base 9) to base 7.
-454
Convert -10c5 (base 16) to base 7.
-15342
-2a2c (base 14) to base 15
-2343
Convert 1c71a (base 13) to base 2.
1101101101000011
What is -2112 (base 4) in base 6?
-410
Convert -5155 (base 6) to base 11.
-957
What is -ca2 (base 13) in base 3?
-2222000
What is 41a3 (base 12) in base 4?
1300023
Convert -223111 (base 4) to base 16.
-ad5
-21132 (base 9) to base 3
-201011002
365 (base 12) to base 13
302
What is -20133 (base 4) in base 6?
-2303
Convert 22c5 (base 16) to base 8.
21305
What is 146 (base 12) in base 2?
11000110
-da52 (base 14) to base 10
-37704
Convert -215336 (base 7) to base 2.
-1001010000010000
What is -1231 (base 8) in base 9?
-818
What is 10103 (base 4) in base 3?
101012
Convert -4553 (base 8) to base 9.
-3268
Convert -734 (base 16) to base 4.
-130310
What is 1103341 (base 5) in base 15?
5a66
Convert -b836 (base 15) to base 2.
-1001100001000000
Convert -1427 (base 12) to base 15.
-a5a
115 (base 11) to base 12
b5
What is -9ba (base 14) in base 7?
-5423
Convert 24041 (base 6) to base 10.
3481
99f9 (base 16) to base 10
39417
b5b (base 15) to base 16
a01
Convert 333101 (base 4) to base 5.
112144
Convert 842 (base 11) to base 8.
1766
Convert 10001010110011 (base 2) to base 6.
105043
Convert -11379 (base 10) to base 16.
-2c73
-b5a (base 16) to base 11
-2202
Convert 2443 (base 6) to base 12.
423
Convert 3103 (base 8) to base 11.
1228
Convert -6 (base 12) to base 11.
-6
What is -112450 (base 6) in base 7?
-40134
What is -400420 (base 5) in base 4?
-3011002
What is -75a1 (base 12) in base 15?
-3c77
What is 1ba (base 14) in base 16?
168
Convert -126367 (base 8) to base 6.
-540555
Convert -2141 (base 9) to base 15.
-701
Convert 10110011110111 (base 2) to base 16.
2cf7
-1085 (base 16) to base 4
-1002011
What is -6d23 (base 15) in base 9?
-34746
Convert 22116 (base 7) to base 8.
12656
What is 4345 (base 7) in base 2?
11000010000
Convert 231122 (base 4) to base 2.
101101011010
10331130 (base 4) to base 5
1122231
What is -48e (base 16) in base 2?
-10010001110
20121 (base 4) to base 2
1000011001
404141 (base 6) to base 5
2011104
What is 2915 (base 13) in base 10?
5933
What is 4662 (base 7) in base 10?
1710
Convert 1000110010111 (base 2) to base 3.
20011210
Convert 1211022 (base 3) to base 6.
10055
Convert 16633 (base 8) to base 6.
55031
2cc (base 14) to base 11
480
665c (base 14) to base 3
220022101
Convert 304016 (base 7) to base 10.
51806
Convert ca (base 15) to base 14.
d8
-2302 (base 6) to base 12
-392
Convert -2 (base 11) to base 7.
-2
What is 1000111111001 (base 2) in base 4?
1013321
Convert -1000200 (base 5) to base 3.
-210111120
41443 (base 6) to base 11
4205
What is -10b8 (base 12) in base 5?
-24433
Convert -24051 (base 7) to base 10.
-6210
What is 3711 (base 8) in base 12?
11a1
Convert -c77 (base 15) to base 9.
-3764
-44502 (base 7) to base 2
-10101111010111
Convert 2223200 (base 5) to base 11.
27484
What is 25035 (base 10) in base 7?
132663
Convert -39b1 (base 12) to base 11.
-4a72
What is -1257 (base 9) in base 15?
-42d
Convert 1101001000 (base 2) to base 9.
1133
What is 2643 (base 13) in base 2?
1010101010111
What is 1054 (base 7) in base 3?
112011
What is 101110111100 (base 2) in base 10?
3004
Convert 2350 